2789669?
False
Is 614 a factor of 595869808?
True
Does 28 divide 63530264?
True
Is 185 a factor of 99557263?
False
Does 26 divide 9104597?
False
Does 36 divide 13345983?
False
Is 14191853 a multiple of 9?
False
Does 19 divide 2222274922?
True
Does 2253 divide 10839183?
True
Does 2 divide 423328355?
False
Is 14316881 a multiple of 59?
True
Is 134 a factor of 228170376?
True
Is 22937308 a multiple of 9?
False
Is 570636460 a multiple of 1381?
False
Does 656 divide 364699290?
False
Is 29 a factor of 5001680?
False
Is 203852363 a multiple of 143?
True
Does 233 divide 202470010?
True
Does 941 divide 1954391130?
True
Does 2008 divide 77735704?
True
Does 12 divide 2573744232?
True
Is 2296280825 a multiple of 843?
False
Does 784 divide 860832?
True
Does 492 divide 37550826?
False
Is 118 a factor of 25266868?
True
Does 4142 divide 172029686?
True
Is 496472800 a multiple of 4150?
True
Does 5 divide 59918444?
False
Does 2180 divide 1992007?
False
Is 47896948 a multiple of 3572?
True
Is 17 a factor of 3761709?
True
Does 14 divide 4101541087?
False
Is 5052 a factor of 3043708752?
True
Does 22 divide 584949146?
False
Does 28 divide 963966?
False
Is 59062373 a multiple of 87?
False
Does 1458 divide 348233424?
False
Is 4624300 a multiple of 20?
True
Does 210 divide 4964820?
True
Is 378 a factor of 4923468?
False
Is 401846457 a multiple of 863?
True
Does 29 divide 19454453?
False
Is 43682422 a multiple of 7?
True
Does 5 divide 424090585?
True
Does 2459 divide 232119764?
True
Does 31 divide 92642965?
False
Does 1397 divide 35082861?
True
Is 120 a factor of 66284954?
False
Is 22991592 a multiple of 354?
True
Is 1080 a factor of 61917480?
True
Does 1295 divide 120523673?
False
Is 90186768 a multiple of 252?
True
Does 498 divide 56067685?
False
Does 2344 divide 818764004?
False
Does 1231 divide 215942819?
False
Is 3619288500 a multiple of 60?
True
Does 10 divide 813464504?
False
Is 4781 a factor of 646089997?
True
Is 92 a factor of 3760296036?
True
Is 16 a factor of 280265366?
False
Does 144 divide 19493632?
False
Does 59 divide 1570100153?
True
Is 1139743502 a multiple of 1263?
False
Is 685946107 a multiple of 187?
True
Is 669219547 a multiple of 11?
False
Is 37050151 a multiple of 5?
False
Does 3 divide 6563021?
False
Is 2222 a factor of 799331849?
False
Is 794 a factor of 10798400?
True
Is 41133000 a multiple of 30?
True
Does 2377 divide 145456420?
False
Does 115 divide 144554268?
False
Is 671549303 a multiple of 1408?
False
Does 156 divide 279281808?
True
Is 74 a factor of 428916432?
True
Does 12 divide 2045135665?
False
Is 24 a factor of 556719484?
False
Is 2715461 a multiple of 207?
False
Is 434 a factor of 151363019?
False
Is 14 a factor of 1136861382?
False
Is 52598819 a multiple of 397?
False
Does 13 divide 65981857?
False
Is 65736647 a multiple of 1906?
False
Does 1191 divide 484583504?
False
Does 33 divide 223246320?
True
Is 95 a factor of 11163091?
False
Does 12 divide 35360323?
False
Is 2486 a factor of 512291565?
False
Does 5 divide 160482200?
True
Is 58 a factor of 227716255?
False
Is 5785 a factor of 915869630?
True
Is 43929501 a multiple of 19?
True
Is 295 a factor of 5868733?
False
Does 81 divide 183904020?
True
Is 223692220 a multiple of 156?
False
Is 218 a factor of 21450124?
False
Does 9 divide 93774917?
False
Does 7081 divide 4910843444?
True
Is 1868340 a multiple of 12?
True
Does 1101 divide 2916755988?
True
Is 12 a factor of 26180016?
True
Is 41 a factor of 644069737?
False
Is 23233144 a multiple of 4?
True
Is 39 a factor of 2042105208?
True
Is 27546827 a multiple of 991?
True
Does 2 divide 1546566?
True
Is 921 a factor of 3127913696?
False
Does 47 divide 118773143?
False
Is 1519736 a multiple of 315?
False
Is 77947604 a multiple of 2?
True
Does 15 divide 623830862?
False
Is 181 a factor of 49635811?
True
Is 5 a factor of 64066775?
True
Does 555 divide 519621?
False
Is 6 a factor of 10322736?
True
Is 9 a factor of 743112?
True
Is 206 a factor of 31053874?
False
Is 28553868 a multiple of 196?
True
Is 437331789 a multiple of 123?
True
Does 6 divide 164667906?
True
Is 21507360 a multiple of 346?
True
Does 36 divide 49836960?
True
Is 523496924 a multiple of 34?
False
Does 914 divide 1249539184?
False
Does 15 divide 9654634545?
True
Is 3824000 a multiple of 5?
True
Does 18 divide 176917312?
False
Does 279 divide 164575683?
True
Is 16887591 a multiple of 77?
False
Does 27 divide 878447511?
True
Is 9 a factor of 89796249?
True
Is 37862488 a multiple of 11?
False
Does 181 divide 1306888780?
True
Is 26007148 a multiple of 811?
True
Is 4690 a factor of 52353217?
False
Is 32 a factor of 20152080?
False
Is 10112590 a multiple of 406?
False
Is 524448104 a multiple of 263?
False
Is 38 a factor of 34747372?
False
Does 5774 divide 940421923?
False
Is 676 a factor of 18399368?
True
Is 29 a factor of 261791091?
True
Is 592 a factor of 1886663744?
True
Is 348 a factor of 717794?
False
Is 633984598 a multiple of 611?
True
Is 111681749 a multiple of 59?
True
Does 9 divide 55784241?
True
Is 2 a factor of 800850?
True
Is 92 a factor of 277054562?
False
Is 13 a factor of 5874681069?
False
Does 41 divide 55570047?
True
Is 3201 a factor of 207830026?
False
Is 3 a factor of 26256749?
False
Is 14022736 a multiple of 104?
True
Does 103 divide 76296838?
True
Is 782 a factor of 208718928?
True
Does 29 divide 56613307?
True
Is 1573218271 a multiple of 716?
False
Does 1769 divide 249967621?
False
Does 33 divide 794617263?
True
Does 45 divide 407229300?
True
Does 8 divide 431324288?
True
Is 3749713760 a multiple of 208?
True
Is 569 a factor of 3317381073?
False
Is 13 a factor of 73041501?
True
Is 11704336 a multiple of 7?
True
Does 3329 divide 35987646?
False
Is 45 a factor of 141288010?
False
Is 55338008 a multiple of 88?
True
Is 358540499 a multiple of 16?
False
Is 5 a factor of 8442545?
True
Does 436 divide 111897656?
True
Does 64 divide 82967552?
True
Is 347344163 a multiple of 317?
False
Is 571 a factor of 22249456?
False
Is 320 a factor of 610436278?
False
Does 249 divide 208164?
True
Is 50893878 a multiple of 31?
True
Is 4177736 a multiple of 9?
False
Is 1241137656 a multiple of 3597?
True
Is 73 a factor of 1504321439?
True
Is 5199 a factor of 511620797?
False
Is 6 a factor of 309310639?
False
Is 544608988 a multiple of 8811?
False
Does 35 divide 3013686834?
False
Is 14 a factor of 284927692?
True
Does 48 divide 2063292480?
True
Is 1170 a factor of 266252220?
True
Is 155 a factor of 887794212?
False
Is 9071793 a multiple of 245?
False
Is 11 a factor of 248584699?
True
Is 129421236 a multiple of 133?
True
Is 471 a factor of 142312485?
False
Is 5079551 a multiple of 1193?
False
Is 10 a factor of 36103710?
True
Does 39 divide 626895438?
True
Is 99183233 a multiple of 45?
False
Is 1652024360 a multiple of 9380?
True
Does 897 divide 173104854?
True
Is 1918733951 a multiple of 14?
False
Is 7 a factor of 15966883?
False
Is 84 a factor of 37610852?
False
Does 311 divide 1391412294?
False
Does 21 divide 9228324?
True
Is 2037308 a multiple of 754?
True
Is 8 a factor of 9533144?
True
Does 1717 divide 10695241?
False
Does 150 divide 1214808300?
True
Is 10434289 a multiple of 5?
False
Is 96278994 a multiple of 93?
True
Is 139 a factor of 27798332?
True
Is 331062880 a multiple of 34?
False
Does 2398 divide 329859648?
False
Is 529 a factor of 19110357?
False
Is 22 a factor of 66254650?
True
Is 87819555 a multiple of 6?
False
Is 135461609 a multiple of 340?
False
Is 36519330 a multiple of 570?
True
Does 2114 divide 535491199?
False
Is 3007543155 a multiple of 903?
False
Is 8499844 a multiple of 15?
False
Is 71 a factor of 297709210?
False
Is 162601434 a multiple of 79?
True
Is 3 a factor of 128795763?
True
Is 48 a factor of 19875312?
True
Is 126451398 a multiple of 501?
True
Is 620228578 a multiple of 19?
False
Does 19 divide 2449418839?
True
Does 514 divide 260121344?
False
Is 524685787 a multiple of 13?
False
Is 62569675 a multiple of 25?
True
Is 78 a factor of 2817257118?
True
Is 141148409 a multiple of 1656?
False
Is 684 a factor of 49117705?
False
Does 950 divide 59804400?
True
Does 99 divide 2431310?
False
Is 250284030 a multiple of 30?
True
Is 607455264 a multiple of 1248?
True
Does 99 divide 7335306?
True
Does 12 divide 14487539?
False
Does 48 divide 4348938?
False
Does 